).
-619
Let h(s) = -33163*s - 1293310. What is h(-39)?
47
Let m(y) = -3649*y - 25460. Determine m(-7).
83
Let y(k) = 11*k**2 + 757*k - 1480. Give y(-71).
224
Let u(b) = -b**3 + 158*b**2 + 1470*b - 291. Determine u(-9).
6
Let m(k) = -2*k**3 - 67*k**2 - 166*k + 3969. Calculate m(-28).
-7
Let k(b) = -b**3 + 8*b**2 - 1125*b + 16940. Calculate k(14).
14
Let x(g) = -2*g**3 + 11*g**2 - 3361*g + 13406. What is x(4)?
10
Let b(t) = -t**2 - 323*t - 15145. Calculate b(-59).
431
Let g(m) = 34*m - 1469. Calculate g(18).
-857
Let n(o) = 53*o**2 - 4763*o + 126. Give n(90).
756
Let l(y) = 59*y**2 - 1874*y - 6653. Calculate l(35).
32
Let l(c) = -8*c**2 + 20285*c - 462316. What is l(23)?
7
Let k(u) = u**3 - 16*u**2 - 299*u + 3920. Determine k(11).
26
Let q(l) = -7*l**3 - 2*l**2 - 1842*l + 5520. Determine q(3).
-213
Let f(r) = r**2 - 68*r - 195. What is f(72)?
93
Let h(u) = -259846*u - 2078958. Calculate h(-8).
-190
Let q(l) = 449*l - 12507. Determine q(28).
65
Let k(v) = 25938*v - 1089394. Give k(42).
2
Let q(d) = 8*d**3 - 1078*d**2 - 269*d - 539. What is q(135)?
-404
Let j(a) = 3*a**3 + 47*a**2 + 192*a - 70. What is j(-14)?
-1778
Let a(v) = -v**3 + 11*v**2 + 128*v + 119. Give a(-13).
2511
Let j(f) = 20*f**2 + 588*f - 37. Calculate j(-28).
-821
Let g(u) = -u**2 - 1197*u + 196082. What is g(146)?
4
Let t(x) = -92*x - 2494. Give t(-27).
-10
Let v(i) = -i**3 + 19*i**2 - 620*i + 4781. What is v(9)?
11
Let g(j) = 696*j + 48061. Give g(-68).
733
Let c(u) = -8*u**3 - 109*u**2 + 14*u + 56. What is c(0)?
56
Let r(b) = b**3 - 53*b**2 - 352*b - 22530. Give r(64).
-2
Let l(c) = 2*c**2 + 261*c + 5777. Calculate l(-98).
-593
Let z(y) = y**3 + 175*y**2 - 140189*y + 1475. Calculate z(297).
-10
Let m(h) = -h**3 + 115*h**2 - 705*h + 55. What is m(6)?
-251
Let v(o) = 395*o - 12588. Determine v(35).
1237
Let l(p) = p**3 + 44*p**2 - 104*p + 58. Calculate l(-47).
-1681
Let c(x) = 3*x**2 - 474*x - 907. Give c(162).
1037
Let h(p) = -669*p**2 - 7359*p + 28. Give h(-11).
28
Let t(z) = -z**2 - 718*z - 76339. Calculate t(-133).
1466
Let g(s) = -3*s**3 + 1178*s**2 + 1681*s - 41365. Give g(394).
5
Let i(x) = -x**3 - 51*x**2 + 2760*x - 966. Determine i(-84).
42
Let o(y) = -42*y**2 - 2984*y - 149. Give o(-71).
-7
Let g(o) = 1170*o - 878. Give g(1).
292
Let y(g) = 440*g - 130349. Calculate y(297).
331
Let f(o) = -43364*o + 1127476. What is f(26)?
12
Let p(l) = -9413*l + 564841. What is p(60)?
61
Let z(y) = -2*y**3 - 58*y**2 - 15*y - 69. Give z(-28).
-1217
Let l(t) = -24*t**2 - 9123*t + 82133. Calculate l(9).
-1918
Let r(f) = -3*f**2 + 413*f - 1716. Determine r(133).
146
Let v(z) = -43*z - 3242. Determine v(-59).
-705
Let r(d) = 122*d**3 + 2195*d**2 - 24*d - 131. Determine r(-18).
-23
Let i(y) = 203*y**2 + 1627*y + 3063. Determine i(-5).
3
Let u(z) = 29*z**2 + 581*z + 1384. Give u(-17).
-112
Let c(z) = 24*z**2 + 1149*z + 3456. Calculate c(-3).
225
Let u(b) = 41*b**3 - 774*b**2 - 193*b + 1855. Calculate u(19).
-7
Let w(p) = -70*p + 1448. What is w(4)?
1168
Let v(h) = -h**3 + 555*h**2 + 6352*h - 71350. Calculate v(566).
-34
Let h(i) = -1362*i + 239734. Determine h(176).
22
Let h(g) = 69*g + 4148. Calculate h(-68).
-544
Let n(w) = -17806*w + 1264089. What is n(71)?
-137
Let l(k) = 58631*k + 409729. Give l(-7).
-688
Let f(y) = y**2 - 23*y - 95. Calculate f(29).
79
Let i(d) = d**3 - 321*d**2 - 15238*d - 2898. What is i(363)?
6
Let n(j) = 7*j**2 + 587*j + 428. Give n(-83).
-70
Let n(r) = -2*r**2 + 11302*r + 67830. Give n(-6).
-54
Let v(h) = 48*h**3 - 40*h**2 - 15*h + 14. Determine v(1).
7
Let j(x) = -x**2 + 2800*x + 221528. Determine j(-77).
-1
Let g(u) = -280*u**3 + 5*u**2 - 17*u - 7. What is g(2)?
-2261
Let x(b) = 2312*b + 10842. Calculate x(-4).
1594
Let s(d) = d**3 + 130*d**2 - 1006*d - 161445. Give s(-128).
91
Let h(g) = g**3 - 234*g**2 - 11266*g + 352. Calculate h(-41).
-17
Let k(m) = -2942*m + 44151. Determine k(15).
21
Let k(v) = 5*v**2 - 81*v + 41. Determine k(14).
-113
Let y(x) = -13*x**2 + 599*x + 434. Give y(45).
1064
Let t(r) = 6973*r + 309. What is t(0)?
309
Let i(n) = n**2 - 100*n - 15533. Determine i(192).
2131
Let x(l) = -l**3 + 22*l**2 - 53*l + 1757. Determine x(22).
591
Let h(l) = 7784*l - 6686459. What is h(859)?
-3
Let l(d) = 335*d + 22130. Give l(-63).
1025
Let o(p) = -6*p**2 - 901*p + 5107. What is o(-156)?
-353
Let i(w) = -830*w**2 + 1636*w - 8. Calculate i(2).
-56
Let w(n) = -2*n**3 - 50*n**2 - 439*n - 1387. Determine w(-10).
3
Let z(o) = 2*o**3 + 9*o**2 - 3101*o - 15470. What is z(-5)?
10
Let a(u) = -452*u + 4979. Calculate a(11).
7
Let s(p) = -2*p**3 + 31*p**2 - 9042*p + 71372. Determine s(8).
-4
Let s(a) = 3*a**2 + 95*a - 3101. Determine s(20).
-1
Let a(b) = 42863*b + 3086171. What is a(-72)?
35
Let p(h) = 18*h + 585. Determine p(9).
747
Let a(i) = -151*i**2 - 46*i - 95. Determine a(-4).
-2327
Let n(a) = -299466*a + 22759422. What is n(76)?
6
Let k(g) = -7502*g - 1695436. Determine k(-226).
16
Let g(h) = h**3 + 40*h**2 - 695*h - 25265. Calculate g(-42).
397
Let a(c) = -156*c + 4663. Calculate a(29).
139
Let b(f) = -f**3 - 394*f**2 + 5266*f - 10024. Calculate b(-407).
151
Let o(w) = 4741*w - 815526. Determine o(172).
-74
Let w(b) = -8*b**3 - 170*b**2 + 48*b - 1849. Determine w(-22).
-1
Let z(h) = 66*h**3 + h**2 - 69*h + 198. Calculate z(4).
4162
Let m(v) = 30*v**2 - 12963*v + 1291. What is m(432)?
-5
Let b(z) = -159539*z + 1435849. Determine b(9).
-2
Let q(w) = 261225*w + 522456. What is q(-2)?
6
Let a(w) = -57*w**2 + 135*w - 502. What is a(4)?
-874
Let v(c) = 3704*c - 185198. What is v(50)?
2
Let o(c) = 229*c - 36103. What is o(159)?
308
Let v(s) = 12*s**2 + 601*s + 45. Determine v(-50).
-5
Let w(g) = 578*g - 22044. Give w(38).
-80
Let g(t) = -17*t**3 + 1938*t**2 + 26*t - 3050. Determine g(114).
-86
Let x(w) = 28886*w - 462200. What is x(16)?
-24
Let w(y) = -1426*y - 360652. Calculate w(-253).
126
Let m(n) = -213*n**2 + 1889*n + 9443. Give m(-5).
-5327
Let x(w) = 5*w**3 + 185*w**2 - 34*w + 357. Calculate x(-37).
1615
Let j(u) = 104421*u - 313296. Give j(3).
-33
Let i(y) = 1097*y**2 - 423444*y + 761. Give i(386).
-11
Let p(f) = -9900*f - 59586. Calculate p(-6).
-186
Let s(l) = l**2 - 1256*l - 17746. What is s(-14)?
34
Let g(t) = 5267*t - 42120. What is g(8)?
16
Let p(h) = -547687*h - 547692. Give p(-1).
-5
Let h(t) = 22*t**2 + 88*t - 3629. Give h(-15).
1
Let y(z) = -7*z**2 - 996*z - 4159. Calculate y(-138).
-19
Let p(x) = -5*x**3 - 1976*x**2 - 2416*x - 20503. Determine p(-394).
-15
Let x(i) = 449*i + 32777. Give x(-74).
-449
Let n(c) = -c**2 + 1577*c + 1348080. Give n(-615).
0
Let k(x) = -115*x - 31242. Give k(-255).
-1917
Let g(j) = -2*j**3 + 148*j**2 - 1980*j - 552. What is g(18)?
96
Let p(c) = 4*c**3 + c**2 - 227*c - 22. Give p(0).
-22
Let c(y) = -714*y - 20025. Give c(-29).
681
Let a(l) = -4*l**3 + 1194*l**2 + 613*l - 4482. Determine a(299).
3
Let x(v) = -1415*v - 91. Determine x(0).
-91
Let f(d) = -d**3 + 124*d**2 + 169*d - 5988. Calculate f(125).
-488
Let w(f) = -8661*f + 6045357. What is w(698)?
-21
Let v(a) = -a**3 - 764*a**2 + 1552*a + 15316. What is v(-766)?
-4
Let r(s) = -5*s**2 + 2072*s + 92463. Give r(455).
98
Let u(r) = -481*r + 17423. What is u(37)?
-374
Let x(r) = -2*r**3 + 24*r**2 - 100*r + 27. What is x(13)?
-1611
Let w(y) = -46*y + 1382. Calculate w(47).
-780
Let y(t) = -3*t**3 - 128*t**2 + 76*t - 199. What is y(-43)?
-1618
Let x(s) = -1171409*s - 9371272. Give x(-8).
0
Let t(g) = 2*g**2 - 1277*g + 130686. What is t(128)?
-2
Let v(q) = -q**2 - 210*q - 5146. Determine v(-28).
-50
Let x(w) = -10143*w + 2241588. Give x(221).
-15
Let a(s) = -41*s + 1236. What is a(46)?
-650
Let a(y) = -y**2 + 76*y + 9037. What is a(140)?
77
Let q(f) = -180*f - 1422. Give q(-8).
18
Let p(c) = -c**3 - 564*c**2 + 54433*c + 637. Determine p(-648).
-11
Let u(k) = 266406*k + 3196869. Give u(-12).
-3
Let y(g) = -5*g**3 - 37*g**2 + 90*g + 114. Calculate y(-9).
-48
Let w(t) = -172*t - 69502. What is w(-404)?
-14
Let t(i) = 38*i**2 + 2844*i + 49851. Give t(-28).
11
Let n(m) = -7*m**3 + 8*m**2 + 25*m - 11. What is n(-3)?
175
Let a(k) = k**3 - 154*k**2 - 994*k + 197295. Determine a(152).
-1
Let o(p) = 858*p - 140238. Give o(163).
-384
Let k(q) = 6*q**3 - 134*q**2 - 97*q + 654. Give k(23).
539
Let n(p) = -2*p**2 - 150752*p - 1055163. Give n(-7).
3
Let o(v) = 2*v**3 - 166*v**2 + 117*v 